 highest common divisor of 978 and 3606?
6
Calculate the greatest common divisor of 756 and 24084.
108
Calculate the highest common factor of 320142 and 458.
458
Calculate the highest common factor of 2724 and 15.
3
What is the greatest common factor of 35548 and 20?
4
What is the greatest common factor of 88 and 6050?
22
What is the highest common divisor of 32260 and 20?
20
Calculate the highest common factor of 9792 and 126.
18
What is the greatest common divisor of 116 and 24737?
29
What is the greatest common factor of 18144 and 332064?
288
What is the highest common factor of 135378 and 4578?
654
Calculate the highest common factor of 270724 and 848.
212
What is the greatest common divisor of 637 and 1469?
13
Calculate the greatest common divisor of 233000 and 160.
40
Calculate the greatest common divisor of 820995 and 3675.
735
What is the highest common factor of 260615 and 2585?
235
What is the highest common divisor of 40278 and 168?
42
Calculate the highest common divisor of 40 and 112088.
8
What is the highest common divisor of 287280 and 1176?
168
Calculate the greatest common factor of 588 and 648.
12
Calculate the highest common factor of 753 and 141.
3
Calculate the highest common divisor of 4978 and 56330.
262
Calculate the highest common divisor of 33825 and 410.
205
Calculate the highest common divisor of 3 and 3342.
3
Calculate the highest common divisor of 6 and 127850.
2
Calculate the highest common divisor of 403 and 34398.
13
What is the highest common factor of 10030 and 61950?
590
Calculate the highest common divisor of 62 and 716038.
62
Calculate the highest common factor of 156 and 125242.
26
What is the highest common factor of 163593 and 1314?
657
What is the highest common divisor of 3817900 and 5475?
1825
What is the greatest common divisor of 594 and 1235916?
198
Calculate the greatest common factor of 1239 and 39081.
21
What is the highest common factor of 1731161 and 34?
17
What is the highest common factor of 950 and 20710?
190
What is the greatest common factor of 14529 and 2505?
501
Calculate the highest common factor of 21791538 and 54.
54
What is the highest common divisor of 36409 and 1909?
23
What is the highest common divisor of 845939 and 515?
103
What is the highest common factor of 1185 and 6960295?
395
What is the highest common factor of 2818572 and 1737?
579
Calculate the greatest common factor of 438 and 25258.
146
What is the highest common factor of 1122476 and 34?
34
What is the highest common divisor of 226 and 198767?
113
What is the highest common divisor of 3954445 and 55?
55
What is the greatest common factor of 37368 and 768?
24
Calculate the highest common divisor of 104 and 184132.
52
What is the greatest common factor of 546580 and 20?
20
What is the greatest common divisor of 1408 and 4664?
88
What is the highest common factor of 156417 and 255?
51
What is the highest common factor of 551431 and 1744?
109
Calculate the greatest common divisor of 15655 and 85095.
155
What is the greatest common divisor of 25549 and 58?
29
What is the highest common factor of 90 and 10522?
2
Calculate the highest common factor of 2270 and 2613905.
1135
What is the greatest common divisor of 1176 and 666?
6
Calculate the highest common factor of 479 and 2495111.
479
What is the greatest common factor of 14682 and 12?
6
What is the greatest common divisor of 4698 and 25404?
174
What is the greatest common divisor of 1304 and 205217?
163
What is the highest common factor of 233586 and 864?
18
What is the highest common divisor of 452 and 298546?
226
What is the greatest common factor of 26085 and 30?
15
Calculate the greatest common factor of 3072 and 114816.
384
Calculate the greatest common divisor of 2574180 and 18.
18
What is the highest common divisor of 1404 and 8151?
39
What is the greatest common divisor of 280 and 968120?
40
What is the greatest common factor of 44566 and 68?
2
Calculate the highest common divisor of 213976 and 56.
56
Calculate the highest common divisor of 166 and 77522.
166
What is the greatest common divisor of 231750 and 309?
309
What is the highest common divisor of 690 and 186530?
230
What is the highest common divisor of 432 and 172152?
216
What is the greatest common divisor of 1349 and 1444?
19
Calculate the greatest common factor of 643404 and 24.
12
What is the greatest common factor of 321462 and 54?
54
What is the highest common divisor of 4656 and 896?
16
What is the greatest common factor of 1104 and 23920?
368
Calculate the highest common divisor of 161 and 39790.
23
Calculate the highest common factor of 2996 and 1624.
28
What is the highest common factor of 5118 and 282343?
853
Calculate the highest common divisor of 227664 and 336.
48
What is the greatest common divisor of 3526 and 328?
82
What is the highest common factor of 83316 and 6996?
636
Calculate the highest common divisor of 45 and 223722.
9
What is the greatest common divisor of 61230 and 1170?
390
Calculate the highest common factor of 5130 and 558790.
190
What is the greatest common factor of 1168 and 726277?
73
What is the highest common divisor of 6939 and 257?
257
Calculate the highest common factor of 99 and 129.
3
What is the greatest common factor of 36 and 2358?
18
Calculate the highest common factor of 110616 and 3168.
264
Calculate the highest common divisor of 648 and 4698.
162
What is the highest common divisor of 1416 and 5088?
24
Calculate the highest common factor of 4719 and 624.
39
Calculate the highest common factor of 44 and 9229.
11
Calculate the highest common factor of 155325 and 399.
57
Calculate the highest common factor of 355 and 84561.
71
What is the greatest common factor of 738 and 62676?
18
What is the greatest common divisor of 8 and 383816?
8
Calculate the highest common divisor of 470 and 1930.
10
Calculate the highest common factor of 6360 and 1280.
40
Calculate the highest common factor of 60 and 66210.
30
Calculate the highest common divisor of 447236 and 1088.
68
Calculate the greatest common factor of 1953 and 6789.
93
Calculate the greatest common factor of 12565 and 56.
7
What is the highest common factor of 262001 and 127?
127
Calculate the highest common divisor of 215 and 15351.
43
What is the greatest common factor of 184 and 8248?
8
Calculate the highest common divisor of 5083 and 204217.
299
Calculate the highest common divisor of 144 and 9756.
36
Calculate the highest common divisor of 4 and 494999.
1
What is the greatest common factor of 3410 and 11315?
155
What is the greatest common factor of 792 and 19809?
9
Calculate the greatest common divisor of 36380 and 360.
20
Calculate the highest common divisor of 15 and 3981.
3
What is the highest common factor of 161 and 249550?
161
Calculate the highest common factor of 5083 and 129168.
299
Calculate the highest common factor of 4 and 6904.
4
What is the highest common factor of 2220 and 2595?
15
What is the greatest common divisor of 88100 and 80?
20
Calculate the highest common divisor of 5121 and 531.
9
What is the greatest common factor of 217720 and 220?
20
What is the greatest common factor of 519202 and 46?
46
Calculate the highest common factor of 99778 and 350.
14
Calculate the highest common factor of 146816 and 1488.
496
What is the highest common divisor of 78 and 15270?
6
Calculate the greatest common factor of 28321 and 889.
127
Calculate the greatest common factor of 15256 and 2016.
8
Calculate the highest common divisor of 5064 and 1032.
24
What is the greatest common factor of 980298 and 792?
198
Calculate the highest common divisor of 2001 and 1131.
87
Calculate the greatest common factor of 1184 and 51800.
296
Calculate the greatest common factor of 11875 and 798.
19
What is the greatest common factor of 272 and 92650?
34
What is the greatest common divisor of 1216 and 76456?
152
Calculate the highest common divisor of 220 and 647735.
55
Calculate the highest common divisor of 1040 and 755120.
80
Calculate the greatest common factor of 9 and 2058.
3
Calculate the greatest common factor of 160 and 162800.
80
Calculate the highest common divisor of 18 and 5000274.
18
Calculate the greatest common factor of 8 and 479.
1
Calculate the greatest common divisor of 279155 and 155.
155
Ca